+ 134*l + 250. Give i(-9).
178
Let f(k) = 61532*k + 246129. Determine f(-4).
1
Let j(a) = 4*a**3 - 78*a**2 - 125*a - 20. What is j(21)?
1
Let l(k) = 7*k**2 + 1520*k - 6. Give l(-217).
-223
Let z(i) = -5*i**2 + 113*i - 280. What is z(20)?
-20
Let v(d) = 9*d**3 - 98*d**2 + 934*d - 8529. Give v(10).
11
Let o(w) = -103*w**2 - 159*w + 500. Determine o(2).
-230
Let n(w) = w**2 + 100*w - 9598. Calculate n(60).
2
Let u(y) = 2*y**3 - 1734*y**2 + 5184*y + 12. What is u(864)?
12
Let c(z) = 833107*z - 7497996. Calculate c(9).
-33
Let j(w) = 3*w**3 + 177*w**2 - 994*w + 925. What is j(4)?
-27
Let x(c) = 4394*c - 3185698. What is x(725)?
-48
Let l(o) = 2*o**3 - 34*o**2 - 39*o + 550. Calculate l(15).
-935
Let j(n) = 1277*n**2 + 19158*n + 42. What is j(-15)?
-3
Let x(p) = 15*p**2 + 41*p + 128. Determine x(-4).
204
Let d(q) = -3*q**2 + 40458*q - 323524. Calculate d(8).
-52
Let o(a) = -5*a**2 + 1408*a - 54751. What is o(235)?
4
Let v(x) = -3682*x - 696135. What is v(-189)?
-237
Let w(y) = y**2 + 7205*y + 386151. Determine w(-54).
-3
Let j(r) = r**3 + 19466*r**2 - 663001*r + 40. Give j(34).
6
Let v(a) = -9816*a - 373006. Calculate v(-38).
2
Let k(b) = 7272*b - 581744. Determine k(80).
16
Let w(x) = 2*x**3 + 73*x**2 + 399*x - 75. What is w(-30)?
-345
Let f(q) = -357948*q + 2863590. Calculate f(8).
6
Let z(g) = g**2 + 631*g - 86621. Determine z(116).
31
Let w(p) = -216*p**2 + 710*p + 910. Determine w(4).
294
Let r(p) = -p**2 - 672*p + 10132. Determine r(15).
-173
Let x(s) = -903*s - 293473. Determine x(-325).
2
Let m(h) = h**3 - 212*h**2 - 3760*h - 5. Calculate m(-17).
-2266
Let q(h) = -2*h**3 - 18*h**2 + 10198*h - 924. Calculate q(67).
14
Let p(q) = -3*q**3 - 9*q**2 - 178*q - 700. Determine p(-4).
60
Let i(u) = -u**2 - 204*u + 5613. Determine i(28).
-883
Let i(k) = 13506*k**2 - 67633*k - 4. Determine i(5).
-519
Let x(a) = 4*a**2 + 21*a + 386. Give x(-16).
1074
Let o(b) = -b**3 + 3*b**2 + 1224*b + 6013. Determine o(-5).
93
Let o(v) = 2*v**3 - 54*v**2 + 90*v - 17. Determine o(25).
-267
Let p(h) = 120*h + 1123. Give p(13).
2683
Let t(c) = 5427*c - 48806. Calculate t(9).
37
Let v(m) = -43484*m + 86660. What is v(2)?
-308
Let c(w) = 11*w**2 - 3006*w - 46653. Calculate c(288).
3
Let m(p) = -62662*p - 1128035. Give m(-18).
-119
Let m(u) = 150*u + 2796. Determine m(-19).
-54
Let s(g) = -16411*g - 16328954. Calculate s(-995).
-9
Let d(u) = 1889*u - 9554. Determine d(5).
-109
Let h(v) = -4*v**2 + 22756*v + 113882. Determine h(-5).
2
Let s(d) = -641*d + 11351. Determine s(16).
1095
Let n(h) = -56420*h + 338522. What is n(6)?
2
Let f(t) = -t**3 - 14*t**2 - 9*t + 50. Determine f(-13).
-2
Let u(b) = 20*b**3 - 5*b**2 - 94*b - 1. Determine u(0).
-1
Let y(h) = h**2 - 11660*h - 257033. Give y(-22).
-29
Let c(w) = w**3 - 14*w**2 - 123*w + 1273. Calculate c(17).
49
Let g(r) = -r**2 + 368*r + 23550. Calculate g(-55).
285
Let h(o) = 246592*o - 1479551. Determine h(6).
1
Let g(s) = s**3 - 124*s**2 - 1064*s + 1021. What is g(132)?
-35
Let a(k) = -k**3 + 447*k**2 + 4117*k + 17. Calculate a(-9).
-100
Let t(w) = 125*w**2 + 894*w + 1783. Calculate t(-2).
495
Let u(g) = g**2 - 79*g + 900. Determine u(71).
332
Let t(d) = 21*d**2 - 344*d + 2393. Determine t(7).
1014
Let i(k) = -145*k**3 + 14*k**2 + 15*k + 7. Calculate i(-1).
151
Let s(o) = -142*o**3 + 1420*o**2 - 2590*o + 25895. Give s(10).
-5
Let w(l) = 174288*l - 2265750. Give w(13).
-6
Let s(b) = -89736*b - 987145. Determine s(-11).
-49
Let y(h) = -21*h + 4693. What is y(230)?
-137
Let l(m) = -4*m**2 + 692*m - 5893. Determine l(9).
11
Let u(m) = m**3 - 200*m - 675. What is u(-12)?
-3
Let q(s) = -55*s**3 + 6987*s**2 - 266*s + 1494. Give q(127).
-30
Let o(c) = 25*c**3 + 153*c**2 - 20*c - 217. Give o(-6).
11
Let a(l) = l**2 - 6673*l - 174183. Determine a(-26).
-9
Let n(x) = x**3 - 54*x**2 - 18640*x + 1037571. Calculate n(56).
3
Let q(t) = t**2 - 486*t - 13833. Determine q(-27).
18
Let k(l) = 645*l + 243153. Give k(-377).
-12
Let k(d) = 5*d**2 + 161*d - 1452. Calculate k(0).
-1452
Let o(x) = -29*x**2 + 1519*x - 10565. Give o(7).
-1353
Let l(j) = -5*j**3 - 862*j**2 - 237*j + 18422. What is l(-172)?
18
Let h(a) = 19*a**2 + 636*a + 3843. Calculate h(-6).
711
Let h(n) = n**3 - 71*n**2 + 881*n - 1147. Determine h(56).
1149
Let n(l) = -313615*l - 5645061. Calculate n(-18).
9
Let u(y) = 165*y**3 - 1483*y**2 + 14*y - 126. Determine u(9).
162
Let i(m) = -4023*m + 36. What is i(0)?
36
Let a(y) = 3715*y + 4060475. What is a(-1093)?
-20
Let f(l) = 7*l**3 + 31*l**2 - 231*l + 442. What is f(2)?
160
Let s(p) = -152*p**2 + 1410*p - 206. Determine s(9).
172
Let p(s) = 1095*s - 3289. Determine p(3).
-4
Let o(c) = 26*c**3 - 2571*c**2 - 2903*c + 315. Give o(100).
15
Let d(h) = -62*h + 1696. Determine d(28).
-40
Let x(q) = -q**3 - 62*q**2 + 81*q - 12017. Determine x(-66).
61
Let v(l) = -4*l**3 + 112*l**2 - 690*l + 96. Determine v(6).
-876
Let y(n) = 7*n**3 + 116*n**2 - 334*n - 42. Determine y(-19).
167
Let p(z) = -z**2 - 67*z - 213. Determine p(-12).
447
Let i(h) = -48387*h - 967742. Give i(-20).
-2
Let v(j) = -3*j**3 + 24*j**2 - 137*j + 1752. Determine v(11).
-844
Let j(b) = 66879*b - 735663. Calculate j(11).
6
Let c(w) = -7*w**2 + 2148*w - 157378. Calculate c(186).
-22
Let t(n) = -3*n**3 + 83*n**2 - 132*n + 99. What is t(26)?
47
Let a(f) = -441*f**2 - 1378*f + 4135. What is a(-5)?
0
Let g(r) = -643*r + 16718. Calculate g(26).
0
Let a(u) = 1855*u + 5470. What is a(-3)?
-95
Let o(m) = m**2 - 1738*m + 241095. Calculate o(152).
23
Let l(x) = -6*x**2 - 1118*x + 5782. Calculate l(5).
42
Let n(z) = 317*z + 23176. Determine n(-73).
35
Let n(t) = -t**3 + t**2 - 727*t + 9129. Give n(12).
-1179
Let m(s) = 4153*s + 20691. Give m(-5).
-74
Let n(g) = -2*g**3 + 39*g**2 + 478*g - 9444. Calculate n(19).
-1
Let i(k) = 2*k**3 - 192*k**2 + 2304*k - 49. What is i(13)?
1849
Let y(u) = -u**2 - 1609*u - 31761. Calculate y(-20).
19
Let t(a) = 37*a**2 + 217*a + 1069. Calculate t(-5).
909
Let r(u) = 15*u**2 - 352*u + 1214. Calculate r(17).
-435
Let h(a) = 51179*a - 716410. Determine h(14).
96
Let z(u) = 644*u**2 - 6429*u - 109. Give z(10).
1
Let f(h) = -10621*h - 138125. What is f(-13)?
-52
Let s(p) = -p**3 - 58*p**2 - 745*p - 7197. What is s(-45)?
3
Let d(t) = 13384*t + 67037. Calculate d(-5).
117
Let c(y) = 5*y**2 + 937*y - 2859. Determine c(3).
-3
Let u(c) = -2*c**2 - 69*c + 3266. What is u(-63)?
-325
Let h(g) = 60*g**3 - 1858*g**2 + 24*g - 2675. Calculate h(31).
-9
Let h(d) = -1909*d - 12687. Calculate h(-7).
676
Let a(v) = -v**2 - 992*v - 2972. Calculate a(-3).
-5
Let a(b) = 1006*b + 165135. Determine a(-164).
151
Let u(q) = -9*q**2 + 1064*q - 26106. Determine u(83).
205
Let c(r) = -3*r**2 + 86*r + 1021. Give c(27).
1156
Let g(n) = n**2 + 137027*n - 4797168. What is g(35)?
2
Let z(s) = -s**3 + 14*s**2 - 513*s + 8800. Determine z(16).
80
Let n(l) = -534*l - 34727. Determine n(-65).
-17
Let v(b) = -b**3 + 965*b**2 - 24434*b + 520. What is v(26)?
0
Let q(u) = 21*u**2 - 16797*u + 50204. What is q(3)?
2
Let b(w) = -w**3 + 2*w**2 + 58*w - 146. Calculate b(-11).
789
Let j(z) = 242*z**2 - 115674*z - 857. What is j(478)?
99
Let l(j) = -2*j**2 + 293*j - 6777. Determine l(117).
126
Let m(q) = q**3 + 230*q**2 - 1644*q + 3485. Give m(-237).
-70
Let k(l) = l**2 + 94*l - 810. Calculate k(8).
6
Let r(f) = -23235*f - 162617. Give r(-7).
28
Let j(g) = -1222*g - 17846. What is j(-14)?
-738
Let g(m) = -172*m**2 + 1560*m - 2199. Determine g(7).
293
Let t(k) = 3*k**3 + 133*k**2 - 246*k - 107. Calculate t(-46).
629
Let j(t) = 219615*t - 3074583. Give j(14).
27
Let q(x) = -5055*x + 81181. Calculate q(16).
301
Let j(v) = 11*v**2 - 3964*v + 11877. Determine j(3).
84
Let f(d) = -1795*d - 148980. Calculate f(-83).
5
Let b(r) = -10*r**2 - 525*r - 293. What is b(-52)?
-33
Let z(a) = -2*a**2 + 132*a - 515. Calculate z(62).
-19
Let r(j) = -j**3 + 347*j**2 - 2*j - 62. What is r(0)?
-62
Let f(c) = -772*c + 4513. Determine f(5).
653
Let u(n) = 158*n + 42. Give u(-5).
-748
Let z(p) = 5*p**3 + 15*p**2 - 16*p + 50. Determine z(3).
272
Let q(f) = -5009*f - 4473043. What is q(-893)?
-6
Let s(o) = 6*o**3 - 79*o**2 - 100*o + 428. What is s(14)?
8
Let n(d) = d**3 + 48*d**2 - 162*d - 20066. What is n(-39)?
-59
Let t(v) = -65*v**2 + 7532*v + 39279. Calculate t(-5).
-6
Let j(s) = 122197*s - 2077342. Calculate j(17).
7
Let c(h